28*o**2 + 91*o - 1280. What is d(14)?
-6
Let f(m) = -m**2 - 12872*m - 692175. Determine f(-54).
-3
Let t(d) = -406*d**3 + 823*d**2 - 4*d - 3. Give t(2).
33
Let r(n) = -6828*n + 7538110. Calculate r(1104).
-2
Let z(g) = 119467*g + 4539815. Give z(-38).
69
Let v(i) = -11*i**3 + 55*i**2 + 64*i - 386. Determine v(7).
-1016
Let k(c) = -c**2 + 94*c - 83. Determine k(93).
10
Let r(s) = 22*s**2 + 2886*s + 479. Determine r(-131).
-45
Let h(x) = -2*x**3 - 215*x**2 + 327*x - 758. Give h(-109).
-758
Let l(m) = -2737*m - 380471. Calculate l(-139).
-28
Let h(j) = -j**2 + 13335*j - 1251. Give h(0).
-1251
Let b(y) = y**2 - 166*y + 5886. Give b(114).
-42
Let v(j) = -j**3 + 14*j**2 - 1340*j + 15741. Give v(12).
-51
Let t(j) = 35*j**2 + 19050*j - 13774. Determine t(-545).
-149
Let s(n) = -n**3 - 3*n**2 + 1583*n + 7053. Give s(-39).
72
Let k(g) = -11*g**2 + 751*g + 3176. What is k(-4)?
-4
Let y(p) = -30498*p - 10857298. Give y(-356).
-10
Let o(i) = i**2 - 22373*i - 246242. Calculate o(-11).
-18
Let q(x) = -2*x**2 - 470*x + 2389. What is q(5)?
-11
Let w(d) = 20*d**2 - 500*d + 367. Calculate w(23).
-553
Let v(k) = -k**3 - 19*k**2 - 7*k - 297. Calculate v(-18).
-495
Let a(f) = 4*f**3 + 20*f**2 + 840*f + 3301. Calculate a(-4).
5
Let t(z) = z**3 - 270*z**2 - 16741*z - 935. Give t(322).
31
Let r(g) = 17743*g + 408027. What is r(-23)?
-62
Let o(s) = -2532*s - 364607. Give o(-144).
1
Let u(s) = -s**3 + 22*s**2 - 43*s + 73. Give u(22).
-873
Let c(g) = g**3 + 13*g**2 - 21*g - 222. Calculate c(-13).
51
Let v(n) = -12*n**3 + 922*n**2 + 135*n + 1480. What is v(77)?
17
Let q(x) = -x**3 - 174*x**2 + 2230*x - 400. Determine q(-186).
-28
Let h(t) = -9*t**3 + 72*t**2 + 653*t + 579. What is h(-1)?
7
Let p(u) = -u**2 - 41*u + 3140. Calculate p(-79).
138
Let j(u) = 141857*u - 8369557. Determine j(59).
6
Let j(u) = 3*u**2 + 472*u + 14178. Give j(-103).
-2611
Let m(z) = z**3 + 100*z**2 - 83*z + 1731. Determine m(-101).
-87
Let p(u) = -2330*u - 15499. Determine p(-7).
811
Let h(i) = -1097*i - 2018. Give h(-2).
176
Let u(w) = w**2 + 628*w + 4989. Determine u(-8).
29
Let i(r) = -2*r**2 + 80*r + 19. What is i(25)?
769
Let r(a) = 204*a**2 - 1841*a + 492. Give r(8).
-1180
Let h(m) = 4122*m + 296787. Give h(-72).
3
Let p(s) = -10*s**3 + 3*s**2 + 299*s + 2198. Calculate p(-8).
5118
Let v(j) = -j**3 - 22*j**2 - 177*j - 2369. Calculate v(-13).
-1589
Let w(d) = 123*d + 7467. Give w(-81).
-2496
Let p(r) = r**3 - 133*r**2 + 4177*r + 264. Calculate p(51).
9
Let x(o) = -3*o**3 - 212*o**2 - 2535*o - 435. What is x(-15)?
15
Let o(i) = 3*i**3 + 104*i**2 - 10*i + 844. Give o(-35).
-31
Let n(w) = 54*w**2 + 50*w + 11. Give n(2).
327
Let p(b) = -306*b + 2970. Give p(8).
522
Let q(y) = 4538*y + 9076. Calculate q(-2).
0
Let i(o) = -35*o**2 + 1837*o - 3656. Give i(2).
-122
Let n(a) = 1936*a - 39163. Calculate n(20).
-443
Let n(p) = -102262*p - 613526. Determine n(-6).
46
Let n(g) = -g**3 + 63*g**2 + 32*g + 2067. What is n(64)?
19
Let d(u) = -454*u + 21395. Give d(49).
-851
Let m(o) = -24*o**2 + 439*o + 3569. Give m(-7).
-680
Let n(a) = -27*a**3 + 7*a**2 + 7*a - 24. Calculate n(-2).
206
Let f(t) = 916*t + 4864. Give f(-6).
-632
Let v(g) = -2*g**2 - 59*g - 133. Give v(-26).
49
Let z(s) = 2299*s**2 + 36787*s + 29. Give z(-16).
-19
Let v(d) = -259*d - 10577. What is v(-53)?
3150
Let p(s) = -6*s**3 + 727*s**2 + 2108*s + 1. Determine p(124).
1
Let h(r) = -35*r**3 + 1555*r**2 + 907*r - 375. Calculate h(45).
-60
Let q(x) = x**3 - 76*x**2 - 75*x - 92. What is q(77)?
62
Let k(b) = -98992*b + 22768183. Calculate k(230).
23
Let s(i) = 83*i**2 + 1705*i + 873. Calculate s(-20).
-27
Let o(u) = -u**3 + 552*u**2 - 7575*u + 189. Calculate o(14).
-413
Let m(b) = -286*b - 21266. What is m(-76)?
470
Let j(z) = 3395*z + 1001471. Calculate j(-295).
-54
Let q(t) = 1204*t**2 + 9724*t + 724. Determine q(-8).
-12
Let q(c) = 3367*c**2 - 90908*c - 24. Calculate q(27).
3
Let x(o) = -8*o**2 + 1684*o - 12101. Determine x(203).
79
Let m(w) = 347*w**2 + 21936*w + 4750. Give m(-63).
25
Let z(r) = -r**3 - 711*r**2 - 25565*r + 6044. What is z(-673)?
-13
Let y(d) = 4*d**3 + 271*d**2 - 86*d - 756. Determine y(-68).
468
Let n(h) = -2*h**3 - 194*h**2 + 1295*h + 125620. Determine n(-97).
5
Let r(x) = -x**3 - 67*x**2 - 1410*x - 9460. Give r(-19).
2
Let m(p) = 127*p**3 - 274. Determine m(0).
-274
Let l(r) = r**3 - 12*r**2 - 635*r + 5896. What is l(9)?
-62
Let y(w) = w**3 - 68*w**2 - 2571*w + 552. Determine y(95).
-18
Let i(w) = 25*w**3 + 112*w**2 - 301*w - 1174. Give i(-5).
6
Let a(u) = 18848*u - 2355997. What is a(125)?
3
Let a(r) = -17*r**2 - 1838*r - 9131. Determine a(-5).
-366
Let o(l) = 446*l**2 + 2221*l - 37. Give o(-5).
8
Let j(t) = 2*t**3 - 102*t**2 + 973*t + 24. Calculate j(13).
-171
Let u(k) = 172*k - 374. What is u(-10)?
-2094
Let t(i) = -i**3 + 30*i**2 - 693*i + 9172. What is t(19)?
-24
Let j(m) = 2*m**3 + 71*m**2 - 2431*m + 1134. Determine j(-57).
-6
Let x(b) = -b**2 + 3415*b - 74614. What is x(22)?
32
Let l(b) = 3112*b + 18666. Give l(-6).
-6
Let f(x) = -4772*x - 205198. What is f(-43)?
-2
Let y(m) = -37144*m - 519902. Determine y(-14).
114
Let f(j) = 118*j**2 + 234*j - 119. Calculate f(-3).
241
Let h(u) = 122731*u + 736499. Calculate h(-6).
113
Let q(p) = 5*p**2 - 1092*p + 2654. Calculate q(216).
62
Let v(c) = -14263*c + 299387. Calculate v(21).
-136
Let b(l) = -17*l**2 - 3383*l - 20273. Determine b(-6).
-587
Let c(t) = t**3 + 14*t**2 + 8*t + 214. Calculate c(-12).
406
Let q(u) = u**2 - 19*u - 106. Give q(16).
-154
Let b(t) = 329*t + 213886. Determine b(-650).
36
Let s(t) = -t**3 + 3*t**2 + 264*t - 1697. What is s(14)?
-157
Let m(f) = 4357*f**2 + 8713*f - 23. Calculate m(-2).
-21
Let m(h) = -2*h**3 + 840*h**2 + 2412*h + 53298. What is m(423)?
0
Let y(v) = v**3 - 89*v**2 + 1668*v + 46. Determine y(27).
-116
Let j(x) = x**3 + 17*x**2 + 81*x + 223. Calculate j(-6).
133
Let w(t) = t**2 - 37742*t + 942954. Determine w(25).
29
Let n(i) = -6635*i + 37305. Calculate n(6).
-2505
Let z(y) = -5237*y + 136162. Give z(26).
0
Let h(a) = -3647*a + 19921. Give h(5).
1686
Let r(b) = -9*b**3 + 766*b**2 - 82*b - 367. Determine r(85).
-112
Let k(v) = 666*v + 20040. Calculate k(-30).
60
Let i(d) = 4*d**3 - 77*d**2 - 100*d + 19. Determine i(21).
1006
Let h(k) = -4027*k**2 + 8186890*k + 2024. Calculate h(2033).
-9
Let p(z) = z**3 + 1120*z**2 + 164623*z + 3309. Determine p(-174).
3
Let k(i) = -i**3 - 12*i**2 + 121*i + 1783. Calculate k(-14).
481
Let j(o) = -o**3 - 1254*o**2 + 33280*o - 2. Calculate j(-1280).
-2
Let w(y) = y**3 - 200*y**2 + 2308*y - 9789. Calculate w(188).
-13
Let o(w) = -3*w + 1104. What is o(376)?
-24
Let x(a) = -a**3 + 19636*a**2 - 255102*a + 35. Determine x(13).
-4
Let z(d) = d**2 + 1316*d - 9305. Calculate z(7).
-44
Let v(m) = 37*m + 837. What is v(-5)?
652
Let n(z) = -z**2 + 86931*z + 4262013. What is n(-49)?
-7
Let v(t) = 23*t**3 + 35*t**2 - 26*t - 55. What is v(-2)?
-47
Let v(j) = -97*j**2 - 275*j + 29226. Give v(16).
-6
Let f(i) = -9*i**2 - 290*i - 744. What is f(-30)?
-144
Let u(x) = -3*x**3 + 276*x**2 - 439*x - 9110. What is u(90)?
-20
Let a(g) = g**2 + 110*g - 4949. What is a(-141)?
-578
Let z(n) = n**2 - 2890*n + 91253. Determine z(32).
-203
Let p(k) = 10717*k + 214268. Give p(-20).
-72
Let y(j) = -j**2 - 1032*j - 120341. Give y(-134).
-9
Let j(v) = 709*v - 21859. What is j(31)?
120
Let k(p) = -p**3 - 26*p**2 - 34*p - 1298. Give k(-29).
2211
Let u(x) = -22*x**2 - 11135*x + 32058. What is u(-509)?
-9
Let s(x) = 4*x**3 - 609*x**2 + 758*x - 388. What is s(151)?
65
Let n(l) = -5510*l + 104669. Determine n(19).
-21
Let d(g) = g**3 + 22*g**2 + 67*g + 47. Determine d(-14).
677
Let w(s) = -10*s**3 + 708*s**2 + 147*s - 355. Determine w(71).
0
Let g(p) = -p**2 - 376*p - 12518. Give g(-35).
-583
Let k(q) = -q**2 + 75591*q - 453518. Give k(6).
-8
Let c(w) = 6462*w - 122779. Calculate c(19).
-1
Let j(g) = -2*g**2 - 3054*g - 9164. Determine j(-3).
-20
Let p(r) = 1821*r + 486188. Give p(-267).
-19
Let u(d) = 3*d**2 - 486*d - 1051. Calculate u(156).
-3859
Let k(w) = 41876*w - 27093765. Give k(647).
7
Let z(u) = -3*u**3 - 41*u**2 + 169*u - 44. Calculate z(-17).
-27
Let i(o) = -o**3 - 9*o**2 + 763*o - 88. Determine i(23).
533
Let n(k) = -108406*k + 9973364. What is n(92)?
12
Let p(j) = 9*j**2 - 2193*j - 10995. Calculate p(-5).
195
Let z(j) = -4*j